alse
Does 8 divide 94796694?
False
Is 89537760 a multiple of 180?
True
Is 29 a factor of 95631637?
False
Is 1111 a factor of 27601684?
True
Is 415 a factor of 5571375?
True
Is 4596957093 a multiple of 2954?
False
Does 121 divide 412652639?
False
Is 4 a factor of 15657834?
False
Is 952 a factor of 101521460?
False
Is 35 a factor of 19409110?
True
Is 55 a factor of 61941247?
False
Does 2709 divide 3078529272?
True
Is 9 a factor of 509787?
True
Does 34 divide 4742252?
True
Does 178 divide 1283570994?
True
Is 153759034 a multiple of 4589?
True
Is 5656976193 a multiple of 14?
False
Does 30 divide 528619511?
False
Does 2 divide 110937741?
False
Does 5 divide 1846670745?
True
Does 54 divide 46211148?
True
Is 2 a factor of 1656452?
True
Is 115294953 a multiple of 137?
True
Is 142 a factor of 783850190?
False
Is 36702220 a multiple of 26?
False
Does 5 divide 3386185?
True
Is 111053345 a multiple of 15?
False
Is 20 a factor of 178035157?
False
Is 20877332 a multiple of 8?
False
Is 78205473 a multiple of 17?
False
Is 384 a factor of 3917184?
True
Is 786 a factor of 133012422?
True
Is 162186576 a multiple of 2942?
True
Is 1545 a factor of 208825290?
True
Is 49 a factor of 1139138?
False
Does 17 divide 964035728?
True
Is 102860384 a multiple of 11?
True
Does 18 divide 340419226?
False
Is 593284455 a multiple of 333?
True
Is 12 a factor of 204970502?
False
Does 26 divide 165506551?
False
Does 391 divide 171927392?
True
Is 461 a factor of 1516193968?
False
Is 1937579045 a multiple of 7547?
True
Is 10 a factor of 143281270?
True
Is 5664232 a multiple of 43?
False
Is 5286942 a multiple of 18?
True
Does 2755 divide 667418035?
True
Does 35 divide 18307240?
True
Is 2477 a factor of 12768901?
False
Is 168 a factor of 8622096?
True
Does 15 divide 43474605?
True
Is 21446234 a multiple of 10?
False
Is 359121 a multiple of 1047?
True
Does 71 divide 13731258?
True
Is 137 a factor of 18069204?
True
Does 50 divide 247738700?
True
Is 479371463 a multiple of 1163?
False
Does 52 divide 2788708?
True
Is 349689417 a multiple of 138?
False
Does 10 divide 161374260?
True
Is 1629152158 a multiple of 3534?
False
Does 71 divide 56914806?
False
Does 6 divide 186357573?
False
Is 38403535 a multiple of 5?
True
Is 41607723 a multiple of 4?
False
Is 98537041 a multiple of 31?
False
Is 35522347 a multiple of 318?
False
Is 247 a factor of 263143627?
False
Does 13 divide 12608390?
False
Is 209 a factor of 1058498474?
True
Does 143 divide 52083317?
True
Is 9 a factor of 209801219?
False
Is 313192768 a multiple of 1003?
True
Is 24 a factor of 78037736?
False
Is 853 a factor of 14574246?
False
Does 18 divide 6011165?
False
Is 101 a factor of 77769728?
False
Does 73 divide 242507797?
False
Is 312673476 a multiple of 802?
False
Does 6 divide 11064696?
True
Is 2047 a factor of 156398663?
False
Does 2336 divide 942893696?
True
Is 2591 a factor of 18418671?
False
Does 7804 divide 771814369?
False
Does 121 divide 73322249?
True
Is 301 a factor of 30557821?
True
Is 312 a factor of 70153824?
True
Is 45480412 a multiple of 393?
False
Is 9801649 a multiple of 467?
False
Does 12 divide 82660188?
True
Is 12 a factor of 1844877?
False
Does 12 divide 1484095114?
False
Does 7 divide 42809933?
False
Is 10 a factor of 942266470?
True
Is 81 a factor of 1286230590?
True
Is 5 a factor of 117750?
True
Is 21 a factor of 3700033113?
True
Is 39675466 a multiple of 13?
False
Does 209 divide 1439407?
False
Does 584 divide 39052664?
True
Does 25 divide 25205631?
False
Is 173 a factor of 428517067?
False
Is 170571081 a multiple of 89?
True
Is 393483798 a multiple of 4171?
True
Is 825785475 a multiple of 277?
True
Is 1742909971 a multiple of 49?
False
Does 89 divide 10792182?
False
Is 2350 a factor of 823127652?
False
Does 858 divide 49715094?
True
Does 89 divide 143432934?
True
Does 15 divide 46283160?
True
Is 274563244 a multiple of 181?
True
Is 7 a factor of 220271?
False
Does 3 divide 62874657?
True
Is 862422179 a multiple of 87?
False
Is 17 a factor of 3576487?
False
Is 615515282 a multiple of 78?
False
Does 620 divide 53415852?
False
Is 8907 a factor of 4690337130?
True
Does 604 divide 962323483?
False
Is 680 a factor of 313730730?
False
Is 90 a factor of 7805577?
False
Is 65998917 a multiple of 9?
True
Is 31 a factor of 19651355?
False
Does 3019 divide 57829245?
False
Is 148 a factor of 59086977?
False
Does 77 divide 504372448?
False
Does 143 divide 21179096?
False
Does 12 divide 13432908?
True
Is 4 a factor of 100573222?
False
Does 9 divide 23483603?
False
Does 1211 divide 35987287?
True
Does 27 divide 537348919?
False
Does 173 divide 151680479?
False
Is 932 a factor of 1443410768?
True
Is 17 a factor of 6911258?
False
Does 531 divide 1210957713?
True
Is 2026267476 a multiple of 2094?
True
Is 2864386 a multiple of 14?
True
Is 1322898715 a multiple of 250?
False
Does 56 divide 30043272?
True
Does 2 divide 5918054?
True
Is 534403674 a multiple of 63?
True
Is 1886203837 a multiple of 46?
False
Does 1038 divide 358307220?
True
Is 5016 a factor of 2174064816?
True
Is 407656144 a multiple of 3088?
True
Does 360 divide 561543579?
False
Does 22 divide 16292207?
False
Does 6259 divide 351042274?
True
Is 10 a factor of 49984908?
False
Does 24 divide 214863730?
False
Is 16 a factor of 33428288?
True
Does 169 divide 1205139?
True
Is 150 a factor of 77061450?
True
Is 349 a factor of 40260291?
True
Is 2 a factor of 2004841?
False
Is 66473336 a multiple of 7?
False
Is 1653443 a multiple of 1811?
True
Is 147742646 a multiple of 2707?
True
Is 7 a factor of 496442?
False
Is 32491040 a multiple of 305?
True
Does 47 divide 49001166?
True
Is 31125149 a multiple of 384?
False
Does 3 divide 443250753?
True
Does 426 divide 71527154?
False
Does 13 divide 618307577?
False
Does 1736 divide 15989795?
False
Does 233 divide 16006149?
False
Is 1144 a factor of 1769408685?
False
Does 64 divide 27707456?
True
Is 1271065152 a multiple of 389?
False
Is 185050 a multiple of 5?
True
Is 22495269 a multiple of 395?
False
Does 33 divide 46348038?
True
Does 83 divide 94390837?
True
Is 74 a factor of 298452878?
True
Does 879 divide 57663279?
True
Is 131 a factor of 308600443?
False
Is 1046 a factor of 28804228?
False
Is 187595150 a multiple of 50?
True
Does 3200 divide 34592000?
True
Is 43864912 a multiple of 112?
True
Is 141059651 a multiple of 703?
False
Does 31 divide 22788193?
True
Is 962731791 a multiple of 21?
True
Is 275 a factor of 11495550?
True
Does 49 divide 4062247?
True
Is 22484555 a multiple of 1229?
True
Does 1912 divide 5209091040?
True
Does 2313 divide 205141977?
False
Is 274321904 a multiple of 16?
True
Is 203740635 a multiple of 2345?
True
Does 273 divide 450349263?
True
Does 187 divide 4891789?
False
Does 318 divide 105249743?
False
Is 130 a factor of 2043264?
False
Is 93 a factor of 103732788?
False
Is 149 a factor of 171018922?
True
Does 22 divide 3699865321?
False
Is 19512436 a multiple of 12?
False
Is 135 a factor of 25598169?
False
Is 1442 a factor of 140287854?
True
Does 19 divide 611713247?
False
Is 645 a factor of 1095398985?
True
Is 13 a factor of 492502059?
False
Does 1886 divide 15940760?
False
Is 13184532 a multiple of 263?
False
Does 984 divide 1759392?
True
Is 928 a factor of 268640224?
True
Is 177735346 a multiple of 107?
True
Is 1941040 a multiple of 925?
False
Does 4445 divide 2173605?
True
Is 22 a factor of 51141972?
False
Is 1936453960 a multiple of 2932?
False
Does 761 divide 66870592?
True
Is 33564096 a multiple of 12?
True
Does 22 divide 1388042722?
True
Does 1048 divide 49146175?
False
Is 112746377 a multiple of 42?
False
Is 407611762 a multiple of 58?
True
Is 9552238 a multiple of 28?
False
Is 270750470 a multiple of 259?
False
Does 50 divide 138621443?
False
Does 153 divide 6369906681?
True
Is 99642515 a multiple of 35?
True
Is 1164 a factor of 625596456?
True
Is 971 a factor of 266377250?
False
Does 50 divide 27413250?
True
Does 63 divide 336152529?
False
Is 4577413997 a multiple of 8238?
False
Does 9495 divide 5976219465?
True
Is 58 a factor of 77151716?
True
Is 47 a factor of 58960654?
True
Is 38552742 a multiple of 1623?
True
Is 153653452 a multiple of 148?
True
Does 2138 divide 1986636014?
True
Does 11 divide 247337258?
False
Is 82 a factor of 94553406?
False
Is 173713776 a multiple of 11?
False
Is 